uppose -4*c + 84 = 5*n, 8*c - 11*c + 52 = n. What is the highest common factor of c and 432?
16
Let g(z) = z + 2. Let f be g(1). Suppose j + 2*j = 4*b - 5, -j + 7 = f*b. Suppose -300 = -3*m - b*m. Calculate the highest common divisor of 24 and m.
12
Let b(q) = q**3 + 18*q**2 - 2*q + 26. Let j be b(-18). Suppose 3*r - 6 = 0, 2*f - 4*r = -5*r + j. Calculate the greatest common divisor of 30 and f.
30
Suppose 2*x - 3 - 5 = 0. Suppose -d - 2*m - 90 = -3*d, 4*d - 140 = -x*m. Let z be 8 + (-2)/(-8)*0. What is the highest common factor of z and d?
8
Let r(u) = 13*u**3 - 5*u**2 - 3*u + 2. Let x be r(3). Calculate the greatest common factor of 13 and x.
13
Let j be 11/2 + (-2)/4. Suppose -h + 95 = 4*q, q = 3*q + 2*h - 40. What is the greatest common divisor of j and q?
5
Suppose -3*q + 126 + 276 = 0. What is the greatest common factor of q and 2?
2
Let z(c) = -c**2 - 6*c - 5. Let j be z(-2). Suppose 0*o - j*o = 312. Let f be o/(-2) + 0 + 4. Calculate the greatest common divisor of 7 and f.
7
Suppose -3*c = -0*c - 66. Suppose -3*x - 6*z - 14 = -z, -x - 3*z - 10 = 0. What is the highest common factor of x and c?
2
Let r = -12 + 32. Let s = r + -16. Suppose v - 6 = s. Calculate the greatest common factor of v and 25.
5
Suppose 53*z + 78 = 59*z. Calculate the highest common divisor of 169 and z.
13
Let p be (3 + -10 + 4)*(-320)/6. What is the greatest common factor of p and 560?
80
Suppose 13*u - 18*u + 748 = 2*t, 2*u + 392 = t. What is the greatest common factor of 24 and t?
24
Suppose -15 = -7*w + 13. Suppose -5*h = 3*u, 4*h - 4*u = -u. Let v be h/(-2) + (5 - -31). What is the greatest common divisor of v and w?
4
Let z = -44 + 63. Let v(s) = s**3 - 18*s**2 + 5*s + 4. Let x be v(z). What is the highest common factor of 46 and x?
46
Let v = 954 + -36. What is the highest common factor of v and 81?
27
Suppose -2*u + 20 = 2*u. Let d be 432/(-5) + (-3)/u. Let a = d - -279. Calculate the highest common divisor of a and 24.
24
Let b = -28 - 1. Let f = -28 - b. Calculate the greatest common divisor of 8 and f.
1
Let a(o) = 10*o - 29. Let u be a(17). Let m = u - 135. What is the highest common divisor of 6 and m?
6
Let s(v) = -2*v**2 - 13*v + 8. Let g be s(-7). Let j be (-27)/54*(-26)/g. Calculate the greatest common factor of 13 and j.
13
Let q(b) = -87*b - 769. Let x be q(-9). What is the greatest common factor of 721 and x?
7
Suppose 0 = -52*h + 47*h + 25. What is the highest common factor of h and 1195?
5
Suppose -5*p + b = -25, 2*p - 26 = -2*p + 2*b. Let a be 1/(p/(-200)*-5). What is the highest common divisor of 50 and a?
10
Suppose 7216 = -132*w + 136*w. Calculate the greatest common factor of w and 44.
44
Suppose 2*o - 84 - 82 = 0. Let m = 90 - o. What is the highest common factor of 77 and m?
7
Let p be (2/(-12)*4)/((-4)/(-18)). Let u = p + 4. Calculate the highest common divisor of 3 and u.
1
Let i(j) = 2*j**2 - 9. Let z be i(-6). What is the greatest common divisor of z and 9?
9
Suppose 4*j + 0*k + 57 = k, k = -5*j - 78. Suppose 2*b = 5*i + 10, b - 4*b + 4*i = -15. Let x be (j/(-6))/b*12. What is the highest common factor of x and 6?
6
Let u = 71 + -47. Suppose -5*p + 31 = -u. Calculate the highest common factor of p and 88.
11
Let d(z) = -z**2 - 11*z + 17. Let m be d(-12). Suppose 4*k - 2*s = 6 + 26, -35 = -5*k + m*s. What is the greatest common divisor of k and 45?
9
Suppose 10*p - 5*p - 95 = 0. Let b be (-3 - (-188)/12)*6. Calculate the highest common divisor of b and p.
19
Let r be -9*((-56)/(-6))/(-4). Suppose -2*z + 15 = -r. Let p be (6/(-4))/((-9)/(8 - -262)). Calculate the highest common divisor of z and p.
9
Let n(l) = 4*l + 2*l + 15 - 11*l**2 - 2*l**2 + l**3 - 19*l. Let m be n(14). What is the highest common divisor of 232 and m?
29
Suppose -4*u + 5*m + 269 = 0, 3*m + 2 = -1. Let o = 30 - 16. Suppose -36 = -c - o. What is the greatest common divisor of u and c?
22
Let s = 288 + -124. Let y(l) = 5*l**2 + l - 7. Let h be y(3). What is the highest common divisor of s and h?
41
Suppose 65 = -f - 0*f. Let c be f/(-20) + (-2)/8. What is the greatest common factor of 2 and c?
1
Suppose 0 = -l - 5*z + z + 65, 5*z = -l + 62. What is the greatest common factor of 2464 and l?
77
Suppose 3*z - 78 = 30. Let o(g) = g**2 - 5*g + 4. Let j be o(-8). Calculate the greatest common factor of j and z.
36
Let p(f) = 76*f + 74. Let c be p(6). What is the greatest common divisor of c and 106?
106
Let k be (2/(-5)*-5)/2. Let f be (15/(-6))/(k/(-2)). Suppose -s + 5*n + 11 = -48, -n = -f*s + 223. What is the greatest common factor of s and 4?
4
Suppose -2*j = -4*d - 4 + 22, -d = 4*j + 27. Let p be (87/(-21) - (-1)/7)*j. Calculate the greatest common factor of p and 112.
28
Let q(h) = -h**2 + 2*h + 2. Let g be q(2). Let b be -2 + 1 + (g - 2). Let w be 11/(b + 6/4). Calculate the greatest common divisor of 55 and w.
11
Let z be 6/10 - (-5 + (-24)/(-15)). Suppose -z*j + 94 = -14. Calculate the greatest common divisor of 189 and j.
27
Let v(b) = -28*b - 542. Let w be v(-20). Calculate the highest common factor of w and 366.
6
Suppose -11*k - 77 + 1705 = 0. What is the highest common divisor of k and 5476?
148
Let i = -2 + 1. Let h be (60/i)/(-3 - -2). Suppose 5*w - 120 = h. Calculate the highest common factor of w and 9.
9
Let h(w) = w**2 - 8*w - 4. Let c be h(9). Let i(y) = 1 - c*y + 1 - 3. Let b be i(-2). Calculate the greatest common factor of 3 and b.
3
Let z(r) = 37*r**3 - r**2 + r. Let u be z(1). Let f = -19 + u. Calculate the greatest common factor of 18 and f.
18
Let h(v) = v**2 - v - 2. Let n be h(-2). Let z be ((-2)/(-5))/((-12)/1440*-12). Calculate the greatest common factor of z and n.
4
Suppose -1235 = -5*u + 5*o, -3*u + 410 + 291 = 5*o. What is the greatest common factor of u and 55?
11
Let m be 8*6/(-60)*15*-3. Calculate the highest common divisor of m and 27.
9
Let f = 393 - 383. What is the highest common factor of f and 1130?
10
Suppose -8*l = -3*l - 390. Calculate the greatest common divisor of 195 and l.
39
Let k be -27 - -111 - 16/(-2). Calculate the highest common divisor of 4 and k.
4
Suppose -3*h = -4*q - 107, -3*q - 43 + 115 = 3*h. Let f(w) = -2*w**3 - 7*w**2 - 9*w - 33. Let n be f(-5). What is the greatest common factor of n and h?
29
Suppose -5*y - 6*v = -2*v - 26, 3*y + 2*v = 14. Suppose y*u = -4, -5*a + a - 6 = -5*u. Let s be 4*(-14)/a - 2. Calculate the highest common factor of 12 and s.
12
Let b be ((-36)/(-24))/(3/264). What is the highest common factor of 924 and b?
132
Let i(x) = x**3 + 22*x**2 + 11*x - 49. Let f be i(-21). What is the highest common factor of 14 and f?
7
Let n be (2/(-4))/((-1)/24). Suppose 0 = -w - 5*p - n, -4*w + 5*p + 22 = -5. Let c be (w/6)/((-2)/(-24)). Calculate the highest common factor of 3 and c.
3
Suppose -40 = 5*y + 5*b, y - 5 = -4*y + 4*b. Let x be y + 2/(1/(39/6)). What is the greatest common divisor of x and 70?
10
Let f(a) = -2*a + 3. Let p be f(0). What is the greatest common divisor of p and 96?
3
Suppose 19*n - 48 - 864 = 0. Calculate the greatest common factor of n and 12.
12
Suppose -253 = -696*p + 685*p. What is the greatest common divisor of p and 1541?
23
Suppose -4*y + 15 = 2*d - d, -10 = 2*y + 4*d. What is the highest common factor of 20 and y?
5
Suppose 7*d - 440 = 2*d. Let g = d + -35. What is the greatest common divisor of g and 265?
53
Suppose 0 = -4*n - 3*o - 67, 5*n + 83 = -0*n - 3*o. Let w be n/(-6 - -2) - -19. Calculate the greatest common divisor of 115 and w.
23
Suppose 0 = -123*g + 126*g - 360. Suppose -4*q - 5*m = -g, 0 = 5*q - 0*m + 2*m - 150. Calculate the greatest common factor of q and 30.
30
Suppose -8 + 2 = -3*m. Let z(s) = -7*s + 5. Let i be z(m). Let y(k) = -k**2 - 10*k + 2. Let d be y(i). What is the highest common divisor of d and 33?
11
Let g(c) = 15*c**2 + c + 1. Let m be g(4). Suppose 0*s - d = -3*s + m, 0 = 5*s + 3*d - 385. Calculate the greatest common divisor of 20 and s.
20
Let f = 1 + 3. Suppose -4*q = -8, 0 = -3*a + 3*q - 2*q + 94. Calculate the highest common factor of a and f.
4
Suppose -s - s = -120. Let w(p) = 37*p + 353. Let z be w(-9). Calculate the greatest common divisor of z and s.
20
Let f(b) = 5*b + 28. Let n be f(-5). What is the greatest common factor of n and 24?
3
Let a be 41 - (1 - (0 - 1)). Let d be 2/2*(a - 7). Let j = d - 12. Calculate the gr